+ s = 0. List the prime factors of c.
41
Let b = 7 + 11. What are the prime factors of b?
2, 3
Let j(n) = 3*n + 0*n**2 + n**2 - 2*n**2 - n**3 - 3 + 4. Let m = -6 + 3. List the prime factors of j(m).
2, 5
Suppose w - 44 = 156. List the prime factors of w.
2, 5
Let v be 3*((-21)/(-9) + -1). Let g(j) = j - 7. Let b be g(v). What are the prime factors of (-19)/(-4) - b/(-4)?
2
Let n(g) = 39*g**3 + g**2 - 1. Let i be 3/(2/(6/9)). List the prime factors of n(i).
3, 13
Let t(i) = -3*i - 5. Let f(g) = 4*g + 4. Let n(c) = -4*f(c) - 3*t(c). Let b be n(-2). Let r = -7 + b. What are the prime factors of r?
2, 3
Let b(i) = i + 5. Let m be b(-6). What are the prime factors of (4/(-16))/(m/92)?
23
Suppose -5*j + 22 = l - 0*j, -8 = -2*j. What are the prime factors of l?
2
Let u be 5/3*1*3. Suppose -2*n + 12 = -6*n. Let i = n + u. List the prime factors of i.
2
Suppose -10 + 1 = -3*u. List the prime factors of 6/(u*(-2)/(-12)).
2, 3
What are the prime factors of 3/6 - (-4 - (-81)/(-2))?
3, 5
List the prime factors of (-7)/(-7)*4*2.
2
Suppose -2*r + 33 = -107. List the prime factors of r.
2, 5, 7
Let z = 6 - -4. Let f = 13 - z. Suppose -f*b = -3*k + 42, -3*k = -6*k + 2*b + 41. List the prime factors of k.
13
Let q be (-2)/(-6) - (-28)/(-21). List the prime factors of q/((-2)/(-28)*-2).
7
Suppose p + 5 - 13 = 2*r, -3*p = -2*r - 8. Suppose -w + 2*w + 1 = p. What are the prime factors of (-3)/(-2)*(-4)/w?
2, 3
Suppose 4*i = -3*a - a + 132, 0 = i + 3*a - 25. List the prime factors of i.
37
Let x = -3 - -80. List the prime factors of x.
7, 11
Suppose 0 = 3*c - 3*f - 231, -c - 4*f + 0*f = -82. What are the prime factors of c?
2, 3, 13
Let z be (-96)/9 - 1/3. Let f = z - -8. List the prime factors of 3/(-6)*f*8.
2, 3
Suppose 3*t + 6 = 24. Suppose 0 = -3*d + t, -3*d = 2*q - 5*q. What are the prime factors of q?
2
Suppose 3*j + 5*c - c = 53, 0 = -j - 5*c + 14. Suppose l = 3 - 12. Let y = j + l. What are the prime factors of y?
2, 5
Let k = -22 - -38. List the prime factors of k.
2
Let o = 8 - 6. Suppose o*y + 2*y - 100 = 0. What are the prime factors of y?
5
Suppose -4*v = 3*c - 266, 2*c = 4*v - 156 - 100. List the prime factors of v.
5, 13
Let y(h) = h**3 - 7*h**2 - 7*h - 6. Let z be y(8). Let t be (-1 - (-3 + z))/(-1). Suppose u = -t*u + 6. What are the prime factors of u?
2, 3
Suppose 3*a + 5*v + 43 = 8, -3*a - 4*v - 37 = 0. Let n = a + 26. List the prime factors of n.
11
Let q = 118 + 13. What are the prime factors of q?
131
Let c = -21 + 31. Suppose -62 = 2*k - 6*k + u, k - c = 3*u. What are the prime factors of k?
2
Let b = 49 - 39. What are the prime factors of b?
2, 5
Suppose -d = -5*d. Suppose d = -2*t + 2 + 16. What are the prime factors of t?
3
Suppose 2*j - 15 = -5*l, -2*l + 3 = -3*j - 3. Let k = j + -4. Let w = k + 6. List the prime factors of w.
2
List the prime factors of 7/((-35)/25) - -150.
5, 29
List the prime factors of -5*(0/(-6) + -9*1).
3, 5
Let z = 31 - 22. List the prime factors of z.
3
Suppose -3*l - 140 = -5*b, 5*l + 60 = 3*b - 40. List the prime factors of b.
5
Let s = 6 + -2. Suppose k - 7 = s*q, -2*q = -5*k - q - 22. Let j = k + 14. What are the prime factors of j?
3
Suppose 2*k = -2*k + 84. Suppose k = 2*j - q, q = -4*j + 2*q + 41. List the prime factors of j.
2, 5
Let c be (2 - -3)/(-1 - 0). Let y(u) = u**2 + 6*u + 7. What are the prime factors of y(c)?
2
Let l(v) = v**2 + 5*v + 2. Let u be l(-3). Let s(x) = -5*x + 6. List the prime factors of s(u).
2, 13
Suppose 2*d - 31 = -n - 2*d, -d - 197 = -5*n. What are the prime factors of -3 + -2*n/(-6)?
2, 5
Let v be (4/(-3))/((-10)/15). List the prime factors of ((-11)/(-2))/(1/v).
11
Let u be 3/((-4)/((-128)/3)). Suppose -3*z - u = -5*z. List the prime factors of z.
2
Let k(x) be the second derivative of -11/2*x**2 + 1/3*x**3 + 0 - 3*x. What are the prime factors of k(8)?
5
Let g(n) = n**2 - 5*n - 7. Let u be g(5). Let m = -5 - u. What are the prime factors of (m - 2/(-6))*3?
7
Let t(x) = -x - 5. Let f be t(-7). Let j be 0/(-1 + (5 - f)). Suppose -4*a = -j*a - 12. List the prime factors of a.
3
Suppose 3 - 1 = -2*i + 2*r, -4*i - 7 = -5*r. Let q = 74 - i. Suppose -3*s - n + 26 + 6 = 0, q = 5*s - 3*n. List the prime factors of s.
2, 3
Let f = -9 + 34. What are the prime factors of f?
5
Let m = -75 + 47. Let c = -15 - m. List the prime factors of c.
13
Let g(w) = w**3 - 5*w**2 + w - 4. Let x be g(6). Suppose 3*t = x + 7. What are the prime factors of t?
3, 5
Let w = 17 + -7. Suppose z + 1 = -0. Let g = w + z. List the prime factors of g.
3
Let y(i) = 25*i - 3. List the prime factors of y(4).
97
What are the prime factors of 399/45 + 14/105?
3
Suppose q - 13 = 126. List the prime factors of q.
139
Suppose 0 = 9*w - 4*w - 10. Let r = 4 - w. List the prime factors of 0 + -5*r/(-2).
5
Let s(h) = 5*h + 6. List the prime factors of s(5).
31
Let b(l) = -18*l - 2. What are the prime factors of b(-6)?
2, 53
Let u = 16 + -11. Let w(o) = 2*o**2 - 7*o. Let m be w(u). List the prime factors of ((-9)/m)/(1/(-5)).
3
Let q = -11 + 11. List the prime factors of -1 - q - (-10 - -3).
2, 3
Let o(b) = -b**2 + 2*b - 1. Let j be ((-4)/12)/((-1)/3). Let f be o(j). List the prime factors of 5/(2 - (f + 1)).
5
Let p(o) = o**2 + 2*o + 6. Let i(a) be the second derivative of -a**3/6 + 2*a**2 + 3*a. Let r be i(8). List the prime factors of p(r).
2, 7
Let n(f) = f**2 + 5*f - 4. Let b be n(-6). Let r be b/9 + 2/(-9). Suppose -3*p + 11 + 4 = r. What are the prime factors of p?
5
Suppose 6*k - 4*j = 3*k - 64, 0 = -5*k - j - 99. Suppose -7 = p - 5*b - 18, -4*p - 3*b = -159. Let v = k + p. What are the prime factors of v?
2
What are the prime factors of 3/(35/(-38) - -1)?
2, 19
Let h(m) = -3*m**2 + 2*m. Let s be h(-3). List the prime factors of (-2)/((-30)/s - 1).
2, 11
Let c = -21 + 12. Let p = c + 17. What are the prime factors of p?
2
Let d = 7 - 12. Let i be -1 - d/(1/1). List the prime factors of (i/(-10))/(1/(-20)).
2
Suppose 2*n = -2*f + 20, 0 = 4*n + 5*f - 38 + 1. What are the prime factors of n?
13
Let l = -3 - -17. List the prime factors of l.
2, 7
Suppose -11*u + 1708 + 514 = 0. What are the prime factors of u?
2, 101
Let t be (-2 + 1)*(5 + -5). Let j = -1 - t. Let s = j + 9. What are the prime factors of s?
2
Let r(b) = b**3 - 17*b**2 + 21*b - 5. List the prime factors of r(16).
3, 5
Suppose -36 + 111 = 5*a. Let v = a + -2. What are the prime factors of v?
13
Let j(w) = w + 1. Let b be j(4). Let r = b - -5. Suppose 2*l + 2*t = 0, 0 = 5*t + 10 + r. What are the prime factors of l?
2
Let u be ((-6)/1)/((-6)/(-8)). List the prime factors of (-4)/u*(-18)/(-1).
3
Suppose -y = 2*s - 712, 5*y - 175 = 2*s - 887. What are the prime factors of s?
2, 89
Let t(c) = -13*c**2 + 4*c + 1. Let n = 6 - 11. Let z(x) = -26*x**2 + 9*x + 2. Let i(s) = n*t(s) + 2*z(s). What are the prime factors of i(-1)?
2, 7
Let o = 37 + -4. What are the prime factors of 1/(o/(-18) - -2)?
2, 3
Suppose -f = 2*h + 2*f + 3, 0 = 4*h - 3*f + 15. Let u be h/(-6) + 669/6. What are the prime factors of u/12 + (-2)/6?
3
Let f = -100 - -191. List the prime factors of f.
7, 13
Suppose 0 = -2*z - 5*d - 123, 4*z + 3*d + 133 = 2*z. Let t = -41 - z. What are the prime factors of t?
3, 11
Suppose -4*r = -20, -r + 13 = -i + 3*r. List the prime factors of i.
7
Let v(p) = p**3 - 4*p**2 - 7*p - 2. Let g be v(5). Let c = g + 26. List the prime factors of c.
2, 7
Let t(v) = 3*v - 12. What are the prime factors of t(12)?
2, 3
Suppose 6*s - 37 = -4*o + s, -4*o + 4*s = -28. Suppose -q - 3*q + o = 0. Suppose -t + 52 = q*g + t, -3*t + 34 = g. List the prime factors of g.
2, 11
Let h be (-1 - 5)/(3/(-2)). Suppose 5*y + 57 = h*f, f + 2*y + 0 = -2. What are the prime factors of f?
2
Let p = 179 + -81. What are the prime factors of p?
2, 7
Let l be (3 - (-2 + 2)) + 66. Suppose -6*c + 3*c + l = 0. List the prime factors of c.
23
Let y(j) = -j**2 - j - 98. Let t be y(0). Let m = 38 + t. List the prime factors of (12/(-10))/(6/m).
2, 3
Suppose -5*i + 1 = -2*o, -3*i - 31 = -3*o - 2*i. Suppose 3*r - 37 = -5*m - 0*r, 2*r = 4*m - o. List the prime factors of m.
5
Let r = -24 + 16. Let c = r - -12. List the prime factors of c.
2
Let i(q) = -q**2 - 9*q + 13. Let g be i(-10). Suppose -4*d = -4*o + 2*o + 2, 4*d + g*o - 23 = 0. List the prime factors of d.
2
Suppose -2*l - 3*l = 4*x - 308, -2*l 